{"id":91,"date":"2014-01-31T17:05:58","date_gmt":"2014-01-31T17:05:58","guid":{"rendered":"http:\/\/expositions.obspm.fr\/lacaille\/?page_id=91"},"modified":"2014-03-25T15:34:25","modified_gmt":"2014-03-25T15:34:25","slug":"a-lile-maurice-et-a-la-reunion","status":"publish","type":"page","link":"http:\/\/expositions.obspm.fr\/lacaille\/a-lile-maurice-et-a-la-reunion\/","title":{"rendered":"A l\u2019Ile Maurice et \u00e0 la R\u00e9union"},"content":{"rendered":"<h3><span style=\"color: #059fd9;\">Le 23 octobre 1752, alors que La Caille s\u2019appr\u00eate \u00e0 revenir en France, il re\u00e7oit l\u2019ordre de se rendre \u00e0 l\u2019\u00cele de France (\u00cele Maurice) et \u00e0 l\u2019\u00cele Bourbon (La R\u00e9union) afin d\u2019en d\u00e9terminer la longitude et la latitude.<\/span><\/h3>\n<p>Il sait ce travail inutile car D\u2019Apr\u00e8s de Mannevillette, le commandant du vaisseau qui l\u2019avait conduit au Cap, scientifique r\u00e9put\u00e9, vient de le r\u00e9aliser. Mais on l\u2019ignore en France, et il ne peut qu\u2019ob\u00e9ir.<\/p>\n<p>Il reste 9 mois \u00e0 l\u2019\u00eele Maurice dont il fait la carte, et seulement quelques jours \u00e0 La R\u00e9union. Il \u00e9crit : \u00ab Je me suis ennuy\u00e9 extraordinairement\u2026 Il para\u00eet que l\u2019on est assez content de mon travail, et cela me servira je crois d\u2019unique r\u00e9compense, car je n\u2019en demande pas d\u2019autre. \u00bb<\/p>\n<p>Pendant son s\u00e9jour et ce long voyage, La Caille renouvelle la m\u00e9thode des distances lunaires (position de la Lune par rapport aux \u00e9toiles voisines) pour d\u00e9terminer les longitudes en mer : il am\u00e9liore les tables du mouvement de la Lune et facilite leur utilisation. Cette m\u00e9thode, qui ne donne la position du navire qu\u2019\u00e0 plusieurs centaines de kilom\u00e8tres pr\u00e8s, vaut cependant mieux que la seule navigation \u00e0 l\u2019estime : elle sera utilis\u00e9e jusqu\u2018au XIXe si\u00e8cle par les navigateurs qui ne peuvent s\u2019offrir un chronom\u00e8tre, instrument on\u00e9reux.<\/p>\n<div id=\"attachment_210\" style=\"width: 310px\" class=\"wp-caption alignleft\"><a href=\"http:\/\/expositions.obspm.fr\/lacaille\/wp-content\/uploads\/2014\/01\/expo8-photo2.jpg\"><img aria-describedby=\"caption-attachment-210\" loading=\"lazy\" class=\"size-medium wp-image-210\" alt=\"Extraits de la Connaissance des Temps pour 1762.  \u00c0 partir de 1761, on trouve dans la Connaissance des Temps des tables donnant la longitude \u00e9cliptique de la Lune \u00e0 Paris toutes les 12 heures et sa latitude toutes les 24 heures, d\u2019o\u00f9 les navigateurs peuvent avoir par interpolation sa position \u00e0 tout instant avec une pr\u00e9cision de 1 minute de degr\u00e9. Ils peuvent alors calculer la distance angulaire de la Lune aux \u00e9toiles proches, puis, en faisant la mesure de cette m\u00eame distance au lieu o\u00f9 ils se trouvent, d\u00e9terminer la longitude par une m\u00e9thode graphique due \u00e0 La Caille et expos\u00e9e en d\u00e9tail. \" src=\"http:\/\/expositions.obspm.fr\/lacaille\/wp-content\/uploads\/2014\/01\/expo8-photo2-300x164.jpg\" width=\"300\" height=\"164\" srcset=\"http:\/\/expositions.obspm.fr\/lacaille\/wp-content\/uploads\/2014\/01\/expo8-photo2-300x164.jpg 300w, http:\/\/expositions.obspm.fr\/lacaille\/wp-content\/uploads\/2014\/01\/expo8-photo2-675x370.jpg 675w, http:\/\/expositions.obspm.fr\/lacaille\/wp-content\/uploads\/2014\/01\/expo8-photo2-753x413.jpg 753w, http:\/\/expositions.obspm.fr\/lacaille\/wp-content\/uploads\/2014\/01\/expo8-photo2.jpg 800w\" sizes=\"(max-width: 300px) 100vw, 300px\" \/><\/a><p id=\"caption-attachment-210\" class=\"wp-caption-text\">Extraits de la <em>Connaissance des Temps pour 1762. <\/em>\u00c0 partir de 1761, on trouve dans la Connaissance des Temps des tables donnant la longitude \u00e9cliptique de la Lune \u00e0 Paris toutes les 12 heures et sa latitude toutes les 24 heures, d\u2019o\u00f9 les navigateurs peuvent avoir par interpolation sa position \u00e0 tout instant avec une pr\u00e9cision de 1 minute de degr\u00e9. Ils peuvent alors calculer la distance angulaire de la Lune aux \u00e9toiles proches en fonction du temps de Paris , puis, en faisant la mesure de cette m\u00eame distance au lieu o\u00f9 ils se trouvent, d\u00e9terminer la longitude par une m\u00e9thode graphique due \u00e0 La Caille et expos\u00e9e en d\u00e9tail.<\/p><\/div>\n<div id=\"attachment_562\" style=\"width: 160px\" class=\"wp-caption alignleft\"><a href=\"http:\/\/expositions.obspm.fr\/lacaille\/wp-content\/uploads\/2014\/01\/isle_de_france.jpg\"><img aria-describedby=\"caption-attachment-562\" loading=\"lazy\" src=\"http:\/\/expositions.obspm.fr\/lacaille\/wp-content\/uploads\/2014\/01\/isle_de_france-150x150.jpg\" alt=\"Carte de l&#039;Isle de France tir\u00e9 de Le Neptune Oriental [...] d&#039;Apr\u00e8s de Mannevillette. Paris : Demonville, 1775.\" width=\"150\" height=\"150\" class=\"size-thumbnail wp-image-562\" srcset=\"http:\/\/expositions.obspm.fr\/lacaille\/wp-content\/uploads\/2014\/01\/isle_de_france-150x150.jpg 150w, http:\/\/expositions.obspm.fr\/lacaille\/wp-content\/uploads\/2014\/01\/isle_de_france-200x200.jpg 200w\" sizes=\"(max-width: 150px) 100vw, 150px\" \/><\/a><p id=\"caption-attachment-562\" class=\"wp-caption-text\">Carte de l&rsquo;Isle de France tir\u00e9 de <em>Le Neptune Oriental<\/em> [&#8230;] d&rsquo;Apr\u00e8s de Mannevillette. Paris : Demonville, 1775.<\/p><\/div>\n\n","protected":false},"excerpt":{"rendered":"<p>Le 23 octobre 1752, alors que La Caille s\u2019appr\u00eate \u00e0 revenir en France, il re\u00e7oit l\u2019ordre de se rendre \u00e0 l\u2019\u00cele de France (\u00cele &hellip;<\/p>\n","protected":false},"author":1,"featured_media":0,"parent":0,"menu_order":0,"comment_status":"open","ping_status":"open","template":"","meta":[],"_links":{"self":[{"href":"http:\/\/expositions.obspm.fr\/lacaille\/wp-json\/wp\/v2\/pages\/91"}],"collection":[{"href":"http:\/\/expositions.obspm.fr\/lacaille\/wp-json\/wp\/v2\/pages"}],"about":[{"href":"http:\/\/expositions.obspm.fr\/lacaille\/wp-json\/wp\/v2\/types\/page"}],"author":[{"embeddable":true,"href":"http:\/\/expositions.obspm.fr\/lacaille\/wp-json\/wp\/v2\/users\/1"}],"replies":[{"embeddable":true,"href":"http:\/\/expositions.obspm.fr\/lacaille\/wp-json\/wp\/v2\/comments?post=91"}],"version-history":[{"count":12,"href":"http:\/\/expositions.obspm.fr\/lacaille\/wp-json\/wp\/v2\/pages\/91\/revisions"}],"predecessor-version":[{"id":564,"href":"http:\/\/expositions.obspm.fr\/lacaille\/wp-json\/wp\/v2\/pages\/91\/revisions\/564"}],"wp:attachment":[{"href":"http:\/\/expositions.obspm.fr\/lacaille\/wp-json\/wp\/v2\/media?parent=91"}],"curies":[{"name":"wp","href":"https:\/\/api.w.org\/{rel}","templated":true}]}}