{"id":477,"date":"2014-03-06T10:34:34","date_gmt":"2014-03-06T10:34:34","guid":{"rendered":"http:\/\/expositions.obspm.fr\/lacaille\/?page_id=477"},"modified":"2014-03-06T10:43:27","modified_gmt":"2014-03-06T10:43:27","slug":"les-constellations-de-la-caille","status":"publish","type":"page","link":"http:\/\/expositions.obspm.fr\/lacaille\/les-constellations-de-la-caille\/","title":{"rendered":"Les constellations de La Caille"},"content":{"rendered":"<h3><span style=\"color: #059fd9;\">Les constellations n\u2019ont pas de r\u00e9alit\u00e9 physique, mais sont simplement un moyen mn\u00e9motechnique permettant de<br \/>\nretrouver les \u00e9toiles brillantes dans le ciel.<\/span><\/h3>\n<p>Contrairement \u00e0 l\u2019usage des Grecs qui s\u2019est perp\u00e9tu\u00e9 jusqu\u2019\u00e0 lui, La Caille ne d\u00e9signe pas les constellations qu\u2019il cr\u00e9e par des noms d\u2019animaux et des personnages mythologiques.<\/p>\n<p>En voici la liste, avec le nom latin actuel :<br \/>\n<strong>[Sculptor]<\/strong> L\u2019attelier du Sculpteur<br \/>\n<strong>[Fornax]<\/strong> Le Fourneau chymique<br \/>\n<strong>[Horologium]<\/strong> L\u2019Horloge<br \/>\n<strong>[Reticulum]<\/strong> Le R\u00e9ticule<br \/>\n<strong>[Caelum]<\/strong> Le Burin du Graveur<br \/>\n<strong>[Pictor]<\/strong> Le Chevalet du peintre<br \/>\n<strong>[Pyxis]<\/strong> La Boussole<br \/>\n<strong>[Antlia]<\/strong> La Machine pneumatique<br \/>\n<strong>[Octans]<\/strong> L\u2019Octans, instrument des Navigateurs<br \/>\n<strong>[Circinus]<\/strong> Le Compas<br \/>\n<strong>[Norma (= r\u00e8gle)]<\/strong> L\u2019\u00c9querre &amp; la r\u00e8gle de l\u2019Architecte<br \/>\n<strong>[Telescopium]<\/strong> Le T\u00e9lescope ou la grande lunette astronomique<br \/>\n<strong>[Microscopium]<\/strong> Le Microscope<br \/>\n<strong>[(Mons) Mensa]<\/strong> la Montagne de la Table<\/p>\n<p>Par ailleurs La Caille a partag\u00e9 en trois l\u2019immense constellation du Navire Argo pour former Puppis, Carina et Vela.<\/p>\n\n","protected":false},"excerpt":{"rendered":"<p>Les constellations n\u2019ont pas de r\u00e9alit\u00e9 physique, mais sont simplement un moyen mn\u00e9motechnique permettant de retrouver les \u00e9toiles brillantes dans le ciel. Contrairement \u00e0 &hellip;<\/p>\n","protected":false},"author":1,"featured_media":0,"parent":0,"menu_order":0,"comment_status":"open","ping_status":"open","template":"","meta":[],"_links":{"self":[{"href":"http:\/\/expositions.obspm.fr\/lacaille\/wp-json\/wp\/v2\/pages\/477"}],"collection":[{"href":"http:\/\/expositions.obspm.fr\/lacaille\/wp-json\/wp\/v2\/pages"}],"about":[{"href":"http:\/\/expositions.obspm.fr\/lacaille\/wp-json\/wp\/v2\/types\/page"}],"author":[{"embeddable":true,"href":"http:\/\/expositions.obspm.fr\/lacaille\/wp-json\/wp\/v2\/users\/1"}],"replies":[{"embeddable":true,"href":"http:\/\/expositions.obspm.fr\/lacaille\/wp-json\/wp\/v2\/comments?post=477"}],"version-history":[{"count":8,"href":"http:\/\/expositions.obspm.fr\/lacaille\/wp-json\/wp\/v2\/pages\/477\/revisions"}],"predecessor-version":[{"id":486,"href":"http:\/\/expositions.obspm.fr\/lacaille\/wp-json\/wp\/v2\/pages\/477\/revisions\/486"}],"wp:attachment":[{"href":"http:\/\/expositions.obspm.fr\/lacaille\/wp-json\/wp\/v2\/media?parent=477"}],"curies":[{"name":"wp","href":"https:\/\/api.w.org\/{rel}","templated":true}]}}