{"id":237,"date":"2014-02-03T13:12:43","date_gmt":"2014-02-03T13:12:43","guid":{"rendered":"http:\/\/expositions.obspm.fr\/lacaille\/?page_id=237"},"modified":"2014-04-16T15:36:21","modified_gmt":"2014-04-16T15:36:21","slug":"bibliographie","status":"publish","type":"page","link":"http:\/\/expositions.obspm.fr\/lacaille\/bibliographie\/","title":{"rendered":"Bibliographie"},"content":{"rendered":"<div id=\"p-biblio\">\n<h3>Ouvrages et articles de l\u2019Abb\u00e9 Nicolas-Louis de La Caille :<\/h3>\n<p>&#8211; <em>Avis aux astronomes, \u00e0 l\u2019occasion des observations qu\u2019il va faire par ordre du Roi dans l\u2019h\u00e9misph\u00e8re austral<\/em>. Paris : [s.n], 1750, 4 p.<\/p>\n<p>&#8211; Calcul des diff\u00e9rences dans la trigonom\u00e9trie sph\u00e9rique. <em>Histoire de l\u2019Acad\u00e9mie Royale des Sciences, ann\u00e9e 1741 ; avec les M\u00e9moires\u2026<\/em> Paris : impr. Royale, 1744, p. 238\u2013260.<br \/>\n<a href=\"http:\/\/gallica.bnf.fr\/ark:\/12148\/bpt6k5504414v\/f465.image.r=Histoire%20de%20l%27Acad%C3%A9mie%20royale%20des%20sciences.langFR\" target=\"_blank\">En ligne sur Gallica.<\/a><\/p>\n<p>&#8211; <em>Le\u00e7ons \u00e9l\u00e9mentaires de math\u00e9matiques, ou \u00e9l\u00e9mens d\u2019alg\u00e8bre et de g\u00e9om\u00e9trie<\/em>. Paris : J. Collombat, 1741, 184 p.<br \/>\n<a href=\"http:\/\/gallica.bnf.fr\/ark:\/12148\/bpt6k1661781.r=Le%C3%A7ons+%C3%A9l%C3%A9mentaires+de+math%C3%A9matiques%2C+ou+%C3%A9l%C3%A9mens+d%E2%80%99alg%C3%A8bre+et+de+g%C3%A9om%C3%A9trie.langFR\" target=\"_blank\">En ligne sur Gallica<\/a> &#8211; \u00e9dition H. P. Gu\u00e9rin, 1744.<\/p>\n<p>&#8211; Projet d\u2019un nouveau catalogue des \u00e9toiles fixes. <em>Hist. Acad. Roy. des Sci.,1742<\/em>. Paris : impr. Royale, 1745, p.63\u201371.<br \/>\n<a href=\"http:\/\/gallica.bnf.fr\/ark:\/12148\/bpt6k3540w\/f71.image.r=Histoire%20de%20l%27Acad%C3%A9mie%20royale%20des%20sciences.langFR\" target=\"_blank\">En ligne sur Gallica.<\/a><\/p>\n<p>&#8211; <em>Le\u00e7ons \u00e9l\u00e9mentaires d\u2019optique<\/em>. Paris : Gu\u00e9rin, 1750.<br \/>\n<a href=\"http:\/\/gallica.bnf.fr\/ark:\/12148\/bpt6k62592150.r=Le%C3%A7ons+%C3%A9l%C3%A9mentaires+d%27optique+.langFR\" target=\"_blank\">En ligne sur Gallica.<\/a><\/p>\n<p>&#8211; Diverses observations astronomiques et physiques faites au Cap de Bonne-esp\u00e9rance pendant les ann\u00e9es 1751 et 1752, et une partie de 1753. <em>Hist. Acad. Roy. des Sci.<\/em>, 1751. Paris: impr. Royale, 1755, p. 398\u2013456.<br \/>\n<a href=\"http:\/\/gallica.bnf.fr\/ark:\/12148\/bpt6k3549p\/f629.image.r=histoire%20de%20l%27acad%C3%A9mie%20royale%20des%20sciences%20m%C3%A9moires.langFR\" target=\"_blank\">En ligne sur Gallica.<\/a><\/p>\n<p>&#8211; Relation abr\u00e9g\u00e9e du voyage fait par ordre du Roi, au Cap de Bonne-esp\u00e9rance. <em>Hist. Acad. Roy. des Sci.,1751.<\/em> Paris : impr. Royale, 1755, 519\u2013536.<br \/>\n<a href=\"http:\/\/gallica.bnf.fr\/ark:\/12148\/bpt6k3549p\/f752.image.r=histoire%20de%20l%27acad%C3%A9mie%20royale%20des%20sciences%20m%C3%A9moires.langFR\" target=\"_blank\">En ligne sur Gallica.<\/a><\/p>\n<p>&#8211; Table des ascensions droites et des d\u00e9clinaisons apparentes des \u00e9toiles australes renferm\u00e9es dans le Tropique du Capricorne ; observ\u00e9es au Cap de Bonne-esp\u00e9rance dans l\u2019intervalle du 6 ao\u00fbt 1751, au 18 juillet 1752. <em>Hist. Acad. Roy. des Sci.,1752.<\/em> Paris : impr. Royale, 1756, p. 539\u2013592.<br \/>\n<a href=\"http:\/\/gallica.bnf.fr\/ark:\/12148\/bpt6k35505\/f737.image.r=histoire%20de%20l%27acad%C3%A9mie%20royale%20des%20sciences%20m%C3%A9moires.langFR\" target=\"_blank\">En ligne sur Gallica.<\/a><\/p>\n<p>&#8211; Sur la pr\u00e9cision des mesures g\u00e9od\u00e9siques faites en 1740, pour d\u00e9terminer la distance de Paris \u00e0 Amiens ; \u00e0 l\u2019occasion d\u2019un M\u00e9moire de M. Euler, ins\u00e9r\u00e9 dans le neuvi\u00e8me tome de l\u2019Acad\u00e9mie de Berlin. <em>Hist. Acad. Roy. des Sci., 1755.<\/em> Paris : impr. Royale, 1761, p. 53-59.<br \/>\n<a href=\"http:\/\/gallica.bnf.fr\/ark:\/12148\/bpt6k35533\/f239.image.r=histoire%20de%20l%27acad%C3%A9mie%20royale%20des%20sciences%20m%C3%A9moires.langFR\" target=\"_blank\">En ligne sur Gallica.<\/a><\/p>\n<p>&#8211; Sur les \u00e9toiles n\u00e9buleuses du ciel austral. <em>Hist. Acad. Roy. des Sci., 1755.<\/em> Paris: impr. Royale, 1761 p., 194-199.<br \/>\n<a href=\"http:\/\/gallica.bnf.fr\/ark:\/12148\/bpt6k35533\/f390.image.r=histoire%20de%20l%27acad%C3%A9mie%20royale%20des%20sciences%20m%C3%A9moires.langFR\" target=\"_blank\">En ligne sur Gallica.<\/a><\/p>\n<p>&#8211; M\u00e9moire sur l\u2019observation des longitudes en mer par le moyen de la Lune. <em>Hist. Acad. Roy. des Sci., 1759.<\/em> Paris : impr. Royale, 1765, p. 63\u201398.<br \/>\n<a href=\"http:\/\/gallica.bnf.fr\/ark:\/12148\/bpt6k3557b\/f349.tableDesMatieres\" target=\"_blank\">En ligne sur Gallica.<\/a><\/p>\n<p>&#8211; Sur le calcul des \u00e9l\u00e9mens de la th\u00e9orie de la com\u00e8te qui paro\u00eet maintenant. <em>Hist. Acad. Roy. des Sci., 1759<\/em>. Paris : impr. Royale, 1765, p. 522\u2013524.<br \/>\n<a href=\"http:\/\/gallica.bnf.fr\/ark:\/12148\/bpt6k3557b\/f846.image.r=histoire%20de%20l%27Acad%C3%A9mie%20royale%20des%20sciences.langFR\" target=\"_blank\">En ligne sur Gallica.<\/a><\/p>\n<p>&#8211; M\u00e9moire sur la parallaxe du Soleil, qui r\u00e9sulte de la comparaison des observations simultan\u00e9es de Mars &amp; de V\u00e9nus, faites en l\u2019ann\u00e9e 1751 en Europe &amp; au Cap de Bonne-esp\u00e9rance, <em>Hist. Acad. Roy. des Sci., 1760, M\u00e9m.<\/em> Paris : impr. Royale, 1766, p. 73\u201397.<br \/>\n<a href=\"http:\/\/gallica.bnf.fr\/ark:\/12148\/bpt6k3558n\/f292.image.r=histoire%20de%20l%27Acad%C3%A9mie%20royale%20des%20sciences.langFR\" target=\"_blank\">En ligne sur Gallica.<\/a><\/p>\n<p>&#8211; M\u00e9moire sur la parallaxe de la Lune, <em>Hist. Acad. Roy. des Sci.<\/em>, 1761, <em>M\u00e9m.<\/em> Paris : impr. Royale, 1763, p. 1\u201357.<br \/>\n<a href=\"http:\/\/gallica.bnf.fr\/ark:\/12148\/bpt6k3559z\/f197.image.r=Histoire%20de%20l%27Acad%C3%A9mie%20royale%20des%20sciences.langFR\" target=\"_blank\">En ligne sur Gallica.<\/a><\/p>\n<p>&#8211; Observation du passage de V\u00e9nus sur le disque du Soleil, M\u00e9moire sur la parallaxe de la Lune, <em>Hist. Acad. Roy. des Sci.<\/em>, 1761, <em>M\u00e9m.<\/em> Paris : impr. Royale, 1763, p.78\u201381.<br \/>\n<a href=\"http:\/\/gallica.bnf.fr\/ark:\/12148\/bpt6k3559z\/f276.image.r=Histoire%20de%20l%27Acad%C3%A9mie%20royale%20des%20sciences.langFR\" target=\"_blank\">En ligne sur Gallica.<\/a><\/p>\n<p>&#8211; <em>Le\u00e7ons \u00e9l\u00e9mentaires d\u2019astronomie g\u00e9om\u00e9trique et physique.<\/em> Paris : Gu\u00e9rin, Paris : 1746.<br \/>\n<a href=\"http:\/\/books.google.fr\/books?id=cLMWAAAAQAAJ&amp;hl=fr&amp;source=gbs_similarbooks\" target=\"_blank\">En ligne sur Google Books<\/a> \u2013 \u00e9ditions de 1755 et 1764.<\/p>\n<p>&#8211; <em>Astronomiae fundamenta novissimis solis et stellarum observationibus stabilita Lutetiae in Collegio Mazarinae et in Africa ad caput Bonae Spei.<\/em> Paris : typo. Collombat, 1757.<br \/>\n<a href=\"http:\/\/books.google.fr\/books\/about\/Astronomiae_fundamenta_novissimis_solis.html?hl=fr&amp;id=LXm0RAf6fk0C\" target=\"_blank\">En ligne sur Google Books.<\/a><\/p>\n<p>&#8211; <em>Tabulae solares quas \u00e8 novissimis suis observationibus deduxit N.L. de la Caille.<\/em> Paris : H.L Guerin &amp; L.F. Delatour, 1758.<br \/>\n<a href=\"http:\/\/books.google.fr\/books?id=lkZZAAAAcAAJ&amp;pg=PA1&amp;dq=.+Tabulae+solares+quas+\u00e8+novissimis+suis+observationibus\" target=\"_blank\">En ligne sur Google Books.<\/a><\/p>\n<p>&#8211; <em>Journal historique du voyage fait au Cap de Bonne- esp\u00e9rance.<\/em> Paris : Guillyn, 1763 (\u00e9dit\u00e9 anonymement par l\u2019abb\u00e9 Claude Carlier, \u00e0 compte d\u2019auteur).<br \/>\n<a href=\"http:\/\/gallica.bnf.fr\/ark:\/12148\/bpt6k1043867\" target=\"_blank\">En ligne sur Gallica.<\/a><\/p>\n<p>&#8211; <em>Coelum australe stelliferum ; seu observationes ad construendum stellarum australium institutae, in africa ad Caput Bonae-Spei.<\/em> Paris : H.L. Guerin &amp; L. F. Delatour, 1763.<\/p>\n<p>&#8211; Discours sur les progr\u00e8s que l\u2019Astronomie a fait depuis une trentaine d\u2019ann\u00e9es, in <em>\u00c9ph\u00e9m\u00e9rides des mouvemens c\u00e9lestes pour dix ann\u00e9es, VI ; Depuis 1765 jusqu\u2019en 1775\u2026<\/em> Paris, J. T. H\u00e9rissant, 1763.<\/p>\n<p>&#8211; <em>Journal historique du voyage fait au Cap de Bonne-Esp\u00e9rance<\/em>, (\u00e9dit\u00e9 anonymement par l\u2019abb\u00e9 Claude Carlier). 2e \u00e9dition. Paris : chez Nyon a\u00een\u00e9, 1776.<\/p>\n<p>&nbsp;<\/p>\n<h3>Ouvrages et articles sur Nicolas-Louis de La Caille :<\/h3>\n<p><strong>BAILLY, Jean-Sylvain.<\/strong> \u00c9loge de M. l\u2019Abb\u00e9 de la Caille. in <em>\u00c9loges de Charles V, de Corneille, de La Caille et de Leibnitz<\/em>. Paris : chez Delalain, 1770, p. 99-128.<\/p>\n<p><strong>BAILY, Francis<\/strong> (\u00e9d.). <em>A Catalogue of 9766 stars in the Southern hemisphere, for the beginning of the year 1750, from the observations of the Abb\u00e9 de Lacaille, made at the Cape of Good Hope in the years 1751 and 1752, reduced\u2026 under the immediate superintendence of the late professor Henderson<\/em>\u2026. Londres : R. and J.E. Taylor, 1847.<\/p>\n<p><strong>BOQUET, F\u00e9lix<\/strong>. Le bicentenaire de La Caille. <em>L&rsquo;Astronomie<\/em>. Paris : Gauthier-Villars : Soci\u00e9t\u00e9 astronomique de France, 1913, vol. 27, p. 457-473.<\/p>\n<p><strong>CASSINI de THURY, C\u00e9sar Fran\u00e7ois<\/strong> [La CAILLE Nicolas Louis de et MARALDI Jacques Philippe] Sur la propagation du son. <em>Hist. Acad. Roy. des Sci., 1738, M\u00e9m.<\/em> Paris : impr. Royale, 1740, p. 128 \u2013146.<br \/>\n<a href=\"http:\/\/gallica.bnf.fr\/ark:\/12148\/bpt6k35355\/f260.image.r=Histoire%20de%20l%E2%80%99Acad%C3%A9mie%20Royale%20des%20Sciences.langFR\" target=\"_blank\">En ligne sur Gallica.<\/a><\/p>\n<p><strong>CASSINI de THURY, C\u00e9sar Fran\u00e7ois<\/strong>. De la M\u00e9ridienne de Paris, prolong\u00e9e vers le Nord et des observations qui ont \u00e9t\u00e9 faites pour d\u00e9crire les fronti\u00e8res du Royaume. <em>Hist. Acad. Roy. des Sci.<\/em>, 1740, <em>M\u00e9m.<\/em> Paris : impr. Royale, 1744, p. 276-292.<br \/>\n<a href=\"http:\/\/gallica.bnf.fr\/ark:\/12148\/bpt6k5510983v\/f418.tableDesMatieres\" target=\"_blank\">En ligne sur Gallica.<\/a><\/p>\n<p><strong>DANJON, Andr\u00e9 et FISCHER de CUGNAC, L.M.<\/strong>, Deuxi\u00e8me centenaire de la mort de La Caille et r\u00e9tablissement de son Monument \u00e0 Rumigny le 30 Juin 1962. <em>L&rsquo;Astronomie<\/em>. Paris : Gauthier-Villars : Soci\u00e9t\u00e9 astronomique de France, 1962, vol. 76, p. 239-249.<\/p>\n<p><strong>DESCAMPS, Pascal<\/strong>. <em>Nicolas-Louis de Lacaille<\/em>. \u00c9d. IMCCE. Paris : Observatoire de Paris : IMCCE, 2013, 56 p.<br \/>\n<a href=\"http:\/\/www.obspm.fr\/boutique\/?fond=rubrique&amp;id_rubrique=1\" target=\"_blank\">Ouvrage en vente \u00e0 la biblioth\u00e8que<\/a><\/p>\n<p><strong>EVANS, David Stanley<\/strong>. <em>Lacaille : <em>Astronomer, Traveler. With a new translation of his Journal.<\/em> Tucson, Arizona, USA : Pachart Publishing House, 1992, 320 p.<\/em><\/p>\n<p><strong>EVEREST, George<\/strong>. On the Triangulation of the Cape of Good Hope. <em>Memoirs of the Royal Astronomical Society.<\/em> Oxford : Blackwell Scientific Publications ; London ; Edinburgh ; Melbourne, 1821, Vol. 1 part. 2, 255-270.<\/p>\n<p><strong>FORBES, E.G. &amp; GAPAILLARD, J.<\/strong> The astronomical correspondence between Abb\u00e9 de Lacaille [sic] and Tobias Mayer. <em>Revue d\u2019Histoire des Sciences<\/em>. Paris : A. Colin, 1996, vol. 49, p. 483-542.<br \/>\n<a href=\"http:\/\/www.persee.fr\/web\/revues\/home\/prescript\/article\/rhs_0151-4105_1996_num_49_4_1267\" target=\"_blank\">En ligne sur Pers\u00e9e.<\/a><\/p>\n<p><strong>GIRET, A.<\/strong> Le Bicentenaire de l\u2019abb\u00e9 de la Caille. <em>L&rsquo;Astronomie<\/em>. Gauthier-Villars : Soci\u00e9t\u00e9 astronomique de France, 1962, vol. 76, p. 194-196.<br \/>\n<a href=\"http:\/\/adsabs.harvard.edu\/full\/1962LAstr..76..194G\" target=\"_blank\">En ligne sur ADS.<\/a><\/p>\n<p><strong>GLASS, Ian S.<\/strong> <em>Nicolas-Louis de la Caille: astronomer and geodesist<\/em>. Oxford: Oxford University Press, 2013, 194 p.<\/p>\n<p><strong>GLASS, Ian S.<\/strong> <em>Nicolas-Louis de la Caille : astronome et g\u00e9od\u00e9sien<\/em>. Trad. de James LEQUEUX. EDPS Sciences, Observatoire de Paris, Paris. 2013, 233 p.<br \/>\n<a href=\"http:\/\/www.obspm.fr\/boutique\/?fond=rubrique&amp;id_rubrique=1\" target=\"_blank\">ouvrage en vente \u00e0 la biblioth\u00e8que<\/a><\/p>\n<p><strong>GRANDJEAN de FOUCHY, Jean-Paul<\/strong>. \u00c9loge de M. l\u2019Abb\u00e9 de la Caille. <em>Hist. Acad. Roy. des Sci.<\/em>, 1762. Paris : impr. Royale, 1763, p.197\u2013212.<br \/>\n<a href=\"http:\/\/gallica.bnf.fr\/ark:\/12148\/bpt6k3560f\/f204.image.r=Histoire%20de%20l%E2%80%99Acad%C3%A9mie%20Royale%20des%20Sciences.langFR\" target=\"_blank\">En ligne sur Gallica.<\/a><\/p>\n<p><strong>LEQUEUX, James<\/strong>. Nicolas-Louis de La Caille : astronome et g\u00e9od\u00e9sien. <em>L\u2019Astronomie<\/em>. Paris Gauthier-Villars : Soci\u00e9t\u00e9 astronomique de France, 2013, vol. 64, p. 28-37.<\/p>\n<p><strong>MACLEAR, Thomas<\/strong>. On the Position of La Caille\u2019s Stations at the Cape of Good Hope.<em>Memoirs of the Royal Astronomical Society<\/em>. Oxford : Blackwell Scientific Publications ; London ; Edinburgh ; Melbourne, vol., p. 91-137.<\/p>\n<p><strong>MACLEAR, Thomas<\/strong>. Verification and Extension of La Caille\u2019s Arc of Meridian at the Cape of Good Hope, Vol. 1. Londres : Lords Commissioners of the Admiralty.<br \/>\n<a href=\"https:\/\/archive.org\/details\/cu31924012313437\" target=\"_blank\">En ligne sur archive.org.<\/a><\/p>\n<p><strong>TODHUNTER, Isaac<\/strong>. On the Arc of Meridian Measured in South Africa. <em>Monthly Notices of the Royal Astronomical Society<\/em>, vol. 33, p. 27-33.<br \/>\n<a href=\"http:\/\/adsabs.harvard.edu\/full\/1872MNRAS..33...27T)\" target=\"_blank\">En ligne sur ADS.<\/a><\/p>\n<p>&nbsp;<\/p>\n<h3>Autres r\u00e9f\u00e9rences utiles :<\/h3>\n<p><strong>BIGOURDAN, Guillaume<\/strong>. L\u2019Observatoire du Coll\u00e8ge Mazarin, aujourd\u2019hui Palais de l\u2019Institut. <em>Comptes rendus hebdomadaires des s\u00e9ances de l\u2019Acad\u00e9mie des sciences<\/em>. Paris, Gauthiers-Villars, 1919, tome 169, p. 264-269.<br \/>\n<a href=\"http:\/\/gallica.bnf.fr\/ark:\/12148\/bpt6k31220\/f264.image.r=Comptes%20Rendus%20hebdomadaires%20de%20l%E2%80%99Acad%C3%A9mie%20des%20Sciences.langFR\" target=\"_blank\">En ligne sur Gallica.<\/a><\/p>\n<p><strong>DELAMBRE, Jean-Baptiste<\/strong> ; Mathieu Claude Louis (\u00e9d). <em>Histoire de l\u2019astronomie au dix-huiti\u00e8me si\u00e8cle.<\/em> Paris : Bachelier, 1827.<br \/>\n<a href=\"http:\/\/gallica.bnf.fr\/ark:\/12148\/bpt6k61990q.r=Histoire+de+l%E2%80%99Astronomie+au+dix-huiti%C3%A8me+si%C3%A8cle.langFR\" target=\"_blank\">En ligne sur Gallica.<\/a><\/p>\n<p><strong>FRANKLIN, Alfred<\/strong>. <em>Histoire de la Biblioth\u00e8que Mazarine et du Palais de l\u2019Institut.<\/em> 2nd \u00e9d. Paris : H. Welter, Libraire \u00c9diteur, 1901.<br \/>\n<a href=\"http:\/\/gallica.bnf.fr\/ark:\/12148\/bpt6k83037p.r=+Histoire+de+la+Biblioth%C3%A8que+Mazarine+et+du+Palais+de+l%E2%80%99Institut.langFR\" target=\"_blank\">En ligne sur Gallica.<\/a><\/p>\n<p><strong>HALLEY, Edmond<\/strong>. <em>Catalogus stellarum australium sive supplementum catalogum Tychonici.<\/em> Londres : Typis Thomas James, 1679.<\/p>\n<p><strong>KOLBE, Pierre<\/strong>. <em>Caput Bonae Spei Hodiernum<\/em> \u2026. Nuremberg : P.C. Monath, 1719 ; Une traduction en fran\u00e7ais : <em>Description du Cap de Bonne-Esp\u00e9rance<\/em>\u2026. Amsterdam : Jean Catuffe, 1741, 3 vol.<br \/>\n<a href=\"http:\/\/gallica.bnf.fr\/Search?adva=1&amp;adv=1&amp;tri=&amp;t_relation=%22cb351536626%22&amp;lang=fr\" target=\"_blank\">En ligne sur Gallica.<\/a><\/p>\n<p><strong>MAUPERTUIS, Pierre-Louis Moreau de.<\/strong> <em>Discours sur les diff\u00e9rentes figures des astres \u2026 avec une exposition abr\u00e9g\u00e9e des syst\u00e8mes de M. Descartes &amp; de M. Newton.<\/em> Paris : Imprimerie Royale, 1732.<br \/>\n<a href=\"http:\/\/gallica.bnf.fr\/ark:\/12148\/bpt6k62574m.r=Discours+sur+les+diff%C3%A9rentes+figures+des+astres+%E2%80%A6+avec+une+exposition+abr%C3%A9g%C3%A9e+des+syst%C3%A8mes+de+M+Descartes+%26+de+M+Newton.langFR\" target=\"_blank\">En ligne sur Gallica.<\/a><\/p>\n<p><strong>TODHUNTER, Isaac<\/strong>. <em>A History of the Mathematical Theories of Attraction and the Figure of the Earth<\/em> \u2026.Londres : MacMillan, 1873, 2 vol.<br \/>\n<a href=\"http:\/\/gallica.bnf.fr\/Search?adva=1&amp;adv=1&amp;tri=&amp;t_relation=cb314763614&amp;q=A+History+of+the+Mathematical+Theories+of+Attraction+and+the+Figure+of+the+Earth+Todhunter\" target=\"_blank\">En ligne sur Gallica.<\/a><\/p>\n<p><strong>VERNE, Jules<\/strong>. <em>Aventures de trois russes et de trois anglais dans l\u2019Afrique australe.<\/em> Paris : Hetzel, 1872.<\/p>\n<p><strong>WOLF, Charles<\/strong>. <em>Histoire de L\u2019Observatoire de Paris de sa fondation \u00e0 1793.<\/em> Paris : Gauthier-Villars, 1902.<br \/>\n<a href=\"https:\/\/archive.org\/details\/histoiredelobse00wolfgoog\" target=\"_blank\">En ligne sur archive.org.<\/a><\/p>\n<\/div>\n\n","protected":false},"excerpt":{"rendered":"<p>Ouvrages et articles de l\u2019Abb\u00e9 Nicolas-Louis de La Caille : &#8211; Avis aux astronomes, \u00e0 l\u2019occasion des observations qu\u2019il va faire par ordre du &hellip;<\/p>\n","protected":false},"author":1,"featured_media":0,"parent":0,"menu_order":0,"comment_status":"open","ping_status":"open","template":"","meta":[],"_links":{"self":[{"href":"http:\/\/expositions.obspm.fr\/lacaille\/wp-json\/wp\/v2\/pages\/237"}],"collection":[{"href":"http:\/\/expositions.obspm.fr\/lacaille\/wp-json\/wp\/v2\/pages"}],"about":[{"href":"http:\/\/expositions.obspm.fr\/lacaille\/wp-json\/wp\/v2\/types\/page"}],"author":[{"embeddable":true,"href":"http:\/\/expositions.obspm.fr\/lacaille\/wp-json\/wp\/v2\/users\/1"}],"replies":[{"embeddable":true,"href":"http:\/\/expositions.obspm.fr\/lacaille\/wp-json\/wp\/v2\/comments?post=237"}],"version-history":[{"count":45,"href":"http:\/\/expositions.obspm.fr\/lacaille\/wp-json\/wp\/v2\/pages\/237\/revisions"}],"predecessor-version":[{"id":591,"href":"http:\/\/expositions.obspm.fr\/lacaille\/wp-json\/wp\/v2\/pages\/237\/revisions\/591"}],"wp:attachment":[{"href":"http:\/\/expositions.obspm.fr\/lacaille\/wp-json\/wp\/v2\/media?parent=237"}],"curies":[{"name":"wp","href":"https:\/\/api.w.org\/{rel}","templated":true}]}}